 factor of 14940 and 3753924?
996
What is the highest common factor of 503868525 and 1275?
1275
Calculate the highest common divisor of 685120 and 15680.
320
What is the greatest common factor of 10973619 and 867?
867
What is the greatest common factor of 217 and 4172321?
31
Calculate the greatest common divisor of 9 and 254973573.
9
What is the greatest common factor of 1500 and 2467980?
60
What is the highest common factor of 197568 and 11712?
192
What is the greatest common divisor of 2008224 and 5472?
5472
What is the greatest common factor of 15857646 and 210?
42
What is the greatest common divisor of 85540 and 475546?
94
Calculate the greatest common divisor of 75 and 4045425.
75
What is the highest common divisor of 350 and 260018400?
50
What is the highest common divisor of 112 and 101723888?
112
Calculate the highest common divisor of 682268 and 61914.
1214
What is the greatest common divisor of 1781 and 1024349?
137
What is the greatest common divisor of 1707307220 and 40?
20
Calculate the highest common factor of 3172259 and 5054.
19
What is the highest common factor of 13054 and 18465554?
122
What is the highest common divisor of 73253940 and 5160?
2580
What is the greatest common factor of 1146 and 500163678?
1146
What is the highest common divisor of 4938 and 592434081?
2469
Calculate the highest common factor of 829280 and 44530.
730
Calculate the highest common factor of 14 and 487427521.
7
What is the highest common divisor of 22783995 and 9360?
585
Calculate the greatest common factor of 86980721 and 697.
697
Calculate the greatest common factor of 68994267 and 123.
123
Calculate the greatest common factor of 2022 and 175667990.
674
What is the highest common divisor of 642177 and 16587?
9
Calculate the highest common factor of 184 and 95506856.
184
What is the greatest common divisor of 28368 and 161848305?
1773
Calculate the highest common factor of 85935 and 394815.
15
Calculate the greatest common factor of 19558276 and 8168.
4084
What is the highest common divisor of 21888 and 41458?
38
Calculate the highest common factor of 1873392 and 465.
93
What is the highest common factor of 213774 and 474078?
66
What is the highest common factor of 38320 and 42152?
3832
What is the greatest common divisor of 2620 and 238580?
20
Calculate the highest common divisor of 1993056 and 56160.
1248
What is the greatest common divisor of 304927 and 12796?
7
Calculate the greatest common factor of 4980 and 41185596.
996
Calculate the highest common factor of 29624 and 5613219.
529
Calculate the highest common divisor of 46460 and 422740.
460
What is the greatest common divisor of 28804598 and 58?
58
Calculate the greatest common divisor of 22 and 1032226954.
22
What is the greatest common factor of 362285 and 147665?
35
Calculate the highest common factor of 340210 and 1935.
5
What is the highest common divisor of 3192515 and 11270?
115
Calculate the highest common divisor of 2396006 and 8468.
146
Calculate the greatest common divisor of 12805362 and 99.
9
What is the highest common factor of 268863386 and 11187?
1243
What is the greatest common divisor of 8992 and 6034194?
562
What is the greatest common factor of 2454 and 418656490?
818
What is the highest common factor of 2982 and 14217?
21
What is the greatest common factor of 66 and 66582714?
66
Calculate the greatest common factor of 5678 and 180812.
34
Calculate the greatest common divisor of 12243 and 3588312.
1113
Calculate the highest common factor of 13551681 and 314743.
4433
Calculate the highest common divisor of 64460250 and 144.
18
What is the greatest common factor of 15582 and 45385278?
318
Calculate the highest common divisor of 67108472 and 3936.
328
Calculate the greatest common divisor of 59737 and 28267163.
1927
Calculate the highest common divisor of 3090 and 10772770.
1030
What is the greatest common divisor of 19789 and 57436159?
2827
Calculate the greatest common divisor of 63451 and 798220.
107
Calculate the highest common divisor of 1169780 and 577261.
2543
Calculate the highest common factor of 4 and 17283426.
2
Calculate the greatest common divisor of 472 and 73455.
59
What is the highest common factor of 250 and 37026125?
125
What is the greatest common factor of 72023 and 1596?
7
Calculate the greatest common divisor of 36639 and 21607452.
1593
What is the highest common divisor of 47744 and 2695298?
746
Calculate the greatest common divisor of 2740 and 68108180.
2740
What is the highest common factor of 33927322 and 1716?
286
What is the highest common divisor of 211546565 and 10?
5
What is the highest common divisor of 504 and 399473032?
56
What is the highest common divisor of 53608761 and 543?
543
What is the greatest common factor of 1204927 and 23968?
107
What is the highest common divisor of 7779772 and 50344?
812
What is the greatest common factor of 12255 and 7961?
19
What is the greatest common factor of 30 and 19527210?
30
Calculate the highest common factor of 33368769 and 1197.
1197
Calculate the greatest common divisor of 488 and 10988601.
61
Calculate the highest common factor of 2478560 and 4130.
70
What is the greatest common factor of 44268 and 27528?
372
What is the greatest common divisor of 6935 and 2737813170?
6935
Calculate the greatest common factor of 4736 and 4678.
2
Calculate the greatest common factor of 4365 and 148590.
45
What is the greatest common divisor of 4410 and 32184?
18
Calculate the highest common factor of 13123 and 2101.
11
What is the greatest common factor of 15391712 and 224?
224
What is the highest common factor of 103 and 1849880?
103
Calculate the greatest common divisor of 16931698 and 34874.
742
Calculate the highest common divisor of 90 and 170189730.
90
What is the greatest common factor of 19855163 and 373?
373
Calculate the highest common divisor of 948618 and 1782.
594
Calculate the highest common factor of 28597359 and 84.
21
Calculate the highest common factor of 128 and 46264960.
128
What is the greatest common divisor of 255047 and 216102432?
11089
Calculate the greatest common divisor of 902305 and 4520.
565
What is the greatest common factor of 469518 and 178458?
294
What is the greatest common factor of 6582 and 15684?
6
Calculate the highest common divisor of 2 and 6775748.
2
Calculate the highest common divisor of 11409876 and 14094.
1566
What is the greatest common factor of 271014652 and 1060?
212
What is the highest common factor of 32866016 and 81913?
6301
What is the greatest common factor of 88586387 and 29?
29
Calculate the highest common divisor of 466375 and 79499.
287
What is the highest common divisor of 15708 and 86251?
11
What is the greatest common divisor of 598200 and 4425?
75
What is the highest common factor of 4770 and 2690704?
106
Calculate the highest common factor of 6160 and 28026740.
140
What is the greatest common divisor of 25602 and 1930692?
1506
Calculate the highest common factor of 4410 and 8307990.
90
Calculate the highest common divisor of 147580 and 5495.
785
Calculate the greatest common factor of 30063 and 2812257.
2733
Calculate the greatest common divisor of 3765695 and 10.
5
What is the highest common divisor of 1010121 and 226394?
721
Calculate the highest common divisor of 180707366 and 48944.
6118
What is the greatest common divisor of 56040558 and 1932?
966
What is the highest common factor of 6037504 and 14740?
2948
What is the greatest common factor of 752 and 483180304?
752
What is the greatest common factor of 423 and 249345?
9
What is the highest common factor of 141888 and 131520?
192
What is the highest common divisor of 16127608 and 592088?
5432
What is the highest common divisor of 951 and 59234303?
317
What is the highest common divisor of 448 and 49664240?
16
What is the highest common divisor of 110 and 12025145?
55
What is the greatest common factor of 168066816 and 212?
212
What is the greatest common factor of 13281397 and 293?
293
What is the highest common divisor of 13168338 and 6?
6
What is the greatest common factor of 7897 and 2636485?
53
Calculate the highest common factor of 1802628 and 2916.
108
What is the highest common divisor of 70 and 198441775?
35
What is the greatest common divisor of 36 and 145123794?
18
What is the hi